{"id":705,"date":"2020-02-22T09:49:31","date_gmt":"2020-02-22T09:49:31","guid":{"rendered":"https:\/\/suntbine.md\/?page_id=705"},"modified":"2020-06-30T15:21:46","modified_gmt":"2020-06-30T15:21:46","slug":"echipa","status":"publish","type":"page","link":"https:\/\/suntbine.md\/?page_id=705","title":{"rendered":"Echipa"},"content":{"rendered":"\n<p>Podcastul \u201eSunt Bine\u201d e un proiect media dedicat s\u0103n\u0103t\u0103\u021bii mintale \u00een Republica Moldova. Vrem s\u0103 folosim jurnalismul narativ ca un instrument pentru a povesti istorii umane \u00eentr-un mod captivant, care s\u0103 explice \u00eentregul spectru al emo\u021biilor \u0219i st\u0103rilor prin care trece o persoan\u0103 care face fa\u021b\u0103 acestor provoc\u0103ri. Credem c\u0103 formatul podcastului e cel mai potrivit pentru asta.&nbsp;Pe drumul nostru au ap\u0103rut zeci de persoane care \u0219i-au oferit timpul \u0219i abilit\u0103\u021bile pentru a face acest podcast mai bun. Mul\u021bumiri! <\/p>\n\n\n\n<p class=\"has-text-align-center\"><img loading=\"lazy\" decoding=\"async\" width=\"150\" height=\"41\" class=\"wp-image-643\" style=\"width: 150px;\" src=\"https:\/\/suntbine.md\/wp-content\/uploads\/2020\/02\/decorative-line-black-transparent-png.png\" alt=\"\"><br><\/p>\n\n\n\n<div class=\"wp-block-image is-style-circle-mask\"><figure class=\"alignleft size-large is-resized\"><img loading=\"lazy\" decoding=\"async\" src=\"https:\/\/suntbine.md\/wp-content\/uploads\/2020\/02\/Victoria.jpg\" alt=\"\" class=\"wp-image-660\" width=\"174\" height=\"174\"\/><\/figure><\/div>\n\n\n\n<div class=\"wp-block-group\"><div class=\"wp-block-group__inner-container is-layout-flow wp-block-group-is-layout-flow\">\n<p><strong>Victoria Colesnic<\/strong> este produc\u0103toare \u0219i gazd\u0103 a podcastului \u201eSunt Bine\u201d. E jurnalist\u0103 \u0219i scrie despre s\u0103n\u0103tate, munc\u0103 \u0219i educa\u021bie. \u0218i-a f\u0103cut studiile \u00een Rom\u00e2nia \u0219i \u00een Suedia. A colaborat cu VICE Rom\u00e2nia, Casa Jurnalistului, Are We Europe \u0219i Radio Europa Liber\u0103. Crede \u00een puterea terapeutic\u0103 a pisicilor \u0219i nu bea cafea dup\u0103 ora trei. O g\u0103si\u021bi pe <a href=\"https:\/\/www.instagram.com\/victoriacolesnic\/\" target=\"_blank\" rel=\"noreferrer noopener\">Instagram<\/a>. <\/p>\n\n\n\n<div style=\"height:12px; width:100%; display: inline-block;\"><\/div>\n<\/div><\/div>\n\n\n\n<div class=\"wp-block-image is-style-circle-mask\"><figure class=\"alignleft size-large is-resized\"><img loading=\"lazy\" decoding=\"async\" src=\"https:\/\/suntbine.md\/wp-content\/uploads\/2020\/02\/Natalia.jpg\" alt=\"\" class=\"wp-image-721\" width=\"177\" height=\"177\"\/><\/figure><\/div>\n\n\n\n<p class=\"has-text-align-left\"><strong>Natalia Sergheev<\/strong> este produc\u0103toare \u0219i gazd\u0103 a podcastului \u201eSunt Bine\u201d. E jurnalist\u0103 care abordeaz\u0103 subiecte legate de drepturile omului \u00een Europa de Est. Scrie texte \u0219i face reportaje documentare. Numele ei a ap\u0103rut la Radio Europa Liber\u0103, VICE Rom\u00e2nia \u0219i Ostpol. E u\u0219or impresionabil\u0103, iar cuv\u00e2ntul preferat este \u201enu\u201d. Nu o g\u0103se\u0219ti pe Instagram. <\/p>\n\n\n\n<div class=\"wp-block-group\"><div class=\"wp-block-group__inner-container is-layout-flow wp-block-group-is-layout-flow\">\n<div style=\"height:12px; width:100%; display: inline-block;\"><\/div>\n<\/div><\/div>\n\n\n\n<div class=\"wp-block-image is-style-circle-mask\"><figure class=\"alignleft size-large is-resized\"><img loading=\"lazy\" decoding=\"async\" src=\"https:\/\/suntbine.md\/wp-content\/uploads\/2020\/02\/Alexandru.jpg\" alt=\"\" class=\"wp-image-724\" width=\"163\" height=\"163\"\/><\/figure><\/div>\n\n\n\n<p><strong>Alexandru Ianciu<\/strong> este inginer de sunet. De patru ani, editeaz\u0103 reportaje lungi \u0219i documentare la Radio Europa Liber\u0103. \u00cei plac istoriile despre oamenii care schimb\u0103 ceva cu propriile for\u021be. Acas\u0103, are grij\u0103 de dou\u0103 pisici (deocamdat\u0103) \u0219i e fan \u00eenr\u0103it Manchester United. GGMU! \u00cel g\u0103si\u021bi pe <a href=\"https:\/\/www.instagram.com\/alessa.i\/\" target=\"_blank\" rel=\"noreferrer noopener\">Instagram<\/a>. <\/p>\n\n\n\n<div style=\"height:12px; width:100%; display: inline-block;\"><\/div>\n\n\n\n<div class=\"wp-block-image is-style-circle-mask\"><figure class=\"alignleft size-large is-resized\"><img loading=\"lazy\" decoding=\"async\" src=\"https:\/\/suntbine.md\/wp-content\/uploads\/2020\/02\/Ana.jpg\" alt=\"\" class=\"wp-image-725\" width=\"169\" height=\"169\"\/><\/figure><\/div>\n\n\n\n<p><strong>Ana Grigorovscaia<\/strong> este ilustratoare. Deseneaz\u0103 \u00een fiecare dup\u0103-amiaz\u0103 c\u0103 pe atunci se treze\u0219te, confec\u021bioneaz\u0103 bijuterii cu plante uscate \u0219i creeaz\u0103 filmule\u021be animate. A colaborat cu Moldo Crescendo, KLumea \u0219i mai multe companii locale. Ador\u0103 natura, c\u0103l\u0103toriile \u0219i, uneori, scrie pove\u0219ti. O g\u0103si\u021bi pe <a href=\"https:\/\/www.instagram.com\/anagrigorovscaia\/\" target=\"_blank\" rel=\"noreferrer noopener\">Instagram<\/a>. <\/p>\n\n\n\n<div style=\"height:12px; width:100%; display: inline-block;\"><\/div>\n\n\n\n<div class=\"wp-block-image is-style-rounded\"><figure class=\"alignleft size-large is-resized\"><img loading=\"lazy\" decoding=\"async\" src=\"https:\/\/suntbine.md\/wp-content\/uploads\/2020\/05\/tudor-fara-bolfe.jpg\" alt=\"\" class=\"wp-image-1011\" width=\"167\" height=\"167\"\/><\/figure><\/div>\n\n\n\n<p><strong>Tudor Bologan<\/strong> este administratorul paginii web \u201eSunt Bine\u201d. Are cinci ani de experien\u021b\u0103 \u00een domeniul IT. Tudor consider\u0103 c\u0103 r\u0103spunsul la \u00eentrebarea \u201eCare este sensul vie\u021bii?\u201d e 42. \u00cel g\u0103si\u021bi pe <a href=\"https:\/\/www.instagram.com\/bologan_1st\/\" target=\"_blank\" rel=\"noreferrer noopener\">Instagram<\/a>. <\/p>\n\n\n\n<div style=\"height:12px; width:100%; display: inline-block;\"><\/div>\n\n\n\n<div class=\"wp-block-image is-style-rounded\"><figure class=\"alignleft size-large is-resized\"><img loading=\"lazy\" decoding=\"async\" src=\"https:\/\/suntbine.md\/wp-content\/uploads\/2020\/05\/Yulia.jpg\" alt=\"\" class=\"wp-image-979\" width=\"178\" height=\"178\"\/><\/figure><\/div>\n\n\n\n<p><strong>Yulia Mihailova <\/strong>este traduc\u0103toare \u0219i editor\u0103 de texte \u00een limba rus\u0103. E un om-orchestr\u0103: fotografiaz\u0103, scrie \u0219tiri pentru radio \u0219i sonorizeaz\u0103 filme. Este mama tinerei Agata, a c\u0103\u021belei mari \u0219i aurii Fanea \u0219i a pisicii M\u00ee\u0219ka. O g\u0103si\u021bi pe <a rel=\"noreferrer noopener\" href=\"https:\/\/www.instagram.com\/iulia.mihaylova\/\" target=\"_blank\">Instagram<\/a>. <\/p>\n\n\n\n<div style=\"height:12px; width:100%; display: inline-block;\"><\/div>\n\n\n\n<div class=\"wp-block-image is-style-rounded\"><figure class=\"alignleft size-large is-resized\"><img loading=\"lazy\" decoding=\"async\" src=\"https:\/\/suntbine.md\/wp-content\/uploads\/2020\/06\/Alina.jpg\" alt=\"\" class=\"wp-image-1168\" width=\"175\" height=\"175\"\/><\/figure><\/div>\n\n\n\n<p><strong>Alina \u0162urcanu<\/strong> e redactor-stilizator. Cu studii filologice, de peste 20 de ani face jurnalism. Acum este editor \u00een cadrul proiectului TV \u201ePur \u015fi simplu\u201d, la Radio Europa Liber\u0103. Crede c\u0103 etica \u015fi gramatica sunt sfinte pentru jurnali\u015fti, e pasionat\u0103 de lectur\u0103 \u015fi c\u0103l\u0103torii, coace p\u00e2ine cu maia, n-are pisic\u0103 (dar vrea) \u015fi s-ar putea muta \u00een Africa de Sud. <\/p>\n\n\n\n<div style=\"height:12px; width:100%; display: inline-block;\"><\/div>\n","protected":false},"excerpt":{"rendered":"<p>Podcastul \u201eSunt Bine\u201d e un proiect media dedicat s\u0103n\u0103t\u0103\u021bii mintale \u00een Republica Moldova. Vrem s\u0103 folosim jurnalismul narativ ca un [&hellip;]<\/p>\n<a href=\"https:\/\/suntbine.md\/?page_id=705\" class=\"read-more\">Read more <span class=\"mdi mdi-trending-neutral\"><\/span><\/a>","protected":false},"author":1,"featured_media":587,"parent":0,"menu_order":0,"comment_status":"closed","ping_status":"closed","template":"","meta":{"footnotes":""},"class_list":["post-705","page","type-page","status-publish","has-post-thumbnail","hentry"],"acf":[],"yoast_head":"<!-- This site is optimized with the Yoast SEO plugin v21.3 - https:\/\/yoast.com\/wordpress\/plugins\/seo\/ -->\n<title>Echipa | Sunt Bine<\/title>\n<meta name=\"robots\" content=\"index, follow, max-snippet:-1, max-image-preview:large, max-video-preview:-1\" \/>\n<link rel=\"canonical\" href=\"https:\/\/suntbine.md\/?page_id=705\" \/>\n<meta property=\"og:locale\" content=\"ro_RO\" \/>\n<meta property=\"og:type\" content=\"article\" \/>\n<meta property=\"og:title\" content=\"Echipa | Sunt Bine\" \/>\n<meta property=\"og:description\" content=\"Podcastul \u201eSunt Bine\u201d e un proiect media dedicat s\u0103n\u0103t\u0103\u021bii mintale \u00een Republica Moldova. Vrem s\u0103 folosim jurnalismul narativ ca un [&hellip;]\" \/>\n<meta property=\"og:url\" content=\"https:\/\/suntbine.md\/?page_id=705\" \/>\n<meta property=\"og:site_name\" content=\"Sunt Bine\" \/>\n<meta property=\"article:publisher\" content=\"https:\/\/www.facebook.com\/suntbinepodcast\" \/>\n<meta property=\"article:modified_time\" content=\"2020-06-30T15:21:46+00:00\" \/>\n<meta property=\"og:image\" content=\"https:\/\/suntbine.md\/wp-content\/uploads\/2020\/02\/pattern1.jpg\" \/>\n\t<meta property=\"og:image:width\" content=\"4961\" \/>\n\t<meta property=\"og:image:height\" content=\"3508\" \/>\n\t<meta property=\"og:image:type\" content=\"image\/jpeg\" \/>\n<meta name=\"twitter:card\" content=\"summary_large_image\" \/>\n<meta name=\"twitter:label1\" content=\"Timp estimat pentru citire\" \/>\n\t<meta name=\"twitter:data1\" content=\"2 minute\" \/>\n<script type=\"application\/ld+json\" class=\"yoast-schema-graph\">{\"@context\":\"https:\/\/schema.org\",\"@graph\":[{\"@type\":\"WebPage\",\"@id\":\"https:\/\/suntbine.md\/?page_id=705\",\"url\":\"https:\/\/suntbine.md\/?page_id=705\",\"name\":\"Echipa | Sunt Bine\",\"isPartOf\":{\"@id\":\"https:\/\/suntbine.md\/#website\"},\"datePublished\":\"2020-02-22T09:49:31+00:00\",\"dateModified\":\"2020-06-30T15:21:46+00:00\",\"breadcrumb\":{\"@id\":\"https:\/\/suntbine.md\/?page_id=705#breadcrumb\"},\"inLanguage\":\"ro-RO\",\"potentialAction\":[{\"@type\":\"ReadAction\",\"target\":[\"https:\/\/suntbine.md\/?page_id=705\"]}]},{\"@type\":\"BreadcrumbList\",\"@id\":\"https:\/\/suntbine.md\/?page_id=705#breadcrumb\",\"itemListElement\":[{\"@type\":\"ListItem\",\"position\":1,\"name\":\"Prima pagin\u0103\",\"item\":\"https:\/\/suntbine.md\/\"},{\"@type\":\"ListItem\",\"position\":2,\"name\":\"Echipa\"}]},{\"@type\":\"WebSite\",\"@id\":\"https:\/\/suntbine.md\/#website\",\"url\":\"https:\/\/suntbine.md\/\",\"name\":\"Sunt Bine Podcast\",\"description\":\"Un podcast despre s\u0103n\u0103tatea mintal\u0103 \u00een Republica Moldova\",\"publisher\":{\"@id\":\"https:\/\/suntbine.md\/#organization\"},\"potentialAction\":[{\"@type\":\"SearchAction\",\"target\":{\"@type\":\"EntryPoint\",\"urlTemplate\":\"https:\/\/suntbine.md\/?s={search_term_string}\"},\"query-input\":\"required name=search_term_string\"}],\"inLanguage\":\"ro-RO\"},{\"@type\":\"Organization\",\"@id\":\"https:\/\/suntbine.md\/#organization\",\"name\":\"Sunt Bine Podcast\",\"url\":\"https:\/\/suntbine.md\/\",\"logo\":{\"@type\":\"ImageObject\",\"inLanguage\":\"ro-RO\",\"@id\":\"https:\/\/suntbine.md\/#\/schema\/logo\/image\/\",\"url\":\"https:\/\/suntbine.md\/wp-content\/uploads\/2020\/02\/logo2sizeok.png\",\"contentUrl\":\"https:\/\/suntbine.md\/wp-content\/uploads\/2020\/02\/logo2sizeok.png\",\"width\":493,\"height\":493,\"caption\":\"Sunt Bine Podcast\"},\"image\":{\"@id\":\"https:\/\/suntbine.md\/#\/schema\/logo\/image\/\"},\"sameAs\":[\"https:\/\/www.facebook.com\/suntbinepodcast\",\"https:\/\/www.instagram.com\/suntbinepodcast\/\",\"https:\/\/www.youtube.com\/channel\/UCq0NMj7pJmlEC76ICdCvI3w\"]}]}<\/script>\n<!-- \/ Yoast SEO plugin. -->","yoast_head_json":{"title":"Echipa | Sunt Bine","robots":{"index":"index","follow":"follow","max-snippet":"max-snippet:-1","max-image-preview":"max-image-preview:large","max-video-preview":"max-video-preview:-1"},"canonical":"https:\/\/suntbine.md\/?page_id=705","og_locale":"ro_RO","og_type":"article","og_title":"Echipa | Sunt Bine","og_description":"Podcastul \u201eSunt Bine\u201d e un proiect media dedicat s\u0103n\u0103t\u0103\u021bii mintale \u00een Republica Moldova. Vrem s\u0103 folosim jurnalismul narativ ca un [&hellip;]","og_url":"https:\/\/suntbine.md\/?page_id=705","og_site_name":"Sunt Bine","article_publisher":"https:\/\/www.facebook.com\/suntbinepodcast","article_modified_time":"2020-06-30T15:21:46+00:00","og_image":[{"width":4961,"height":3508,"url":"https:\/\/suntbine.md\/wp-content\/uploads\/2020\/02\/pattern1.jpg","type":"image\/jpeg"}],"twitter_card":"summary_large_image","twitter_misc":{"Timp estimat pentru citire":"2 minute"},"schema":{"@context":"https:\/\/schema.org","@graph":[{"@type":"WebPage","@id":"https:\/\/suntbine.md\/?page_id=705","url":"https:\/\/suntbine.md\/?page_id=705","name":"Echipa | Sunt Bine","isPartOf":{"@id":"https:\/\/suntbine.md\/#website"},"datePublished":"2020-02-22T09:49:31+00:00","dateModified":"2020-06-30T15:21:46+00:00","breadcrumb":{"@id":"https:\/\/suntbine.md\/?page_id=705#breadcrumb"},"inLanguage":"ro-RO","potentialAction":[{"@type":"ReadAction","target":["https:\/\/suntbine.md\/?page_id=705"]}]},{"@type":"BreadcrumbList","@id":"https:\/\/suntbine.md\/?page_id=705#breadcrumb","itemListElement":[{"@type":"ListItem","position":1,"name":"Prima pagin\u0103","item":"https:\/\/suntbine.md\/"},{"@type":"ListItem","position":2,"name":"Echipa"}]},{"@type":"WebSite","@id":"https:\/\/suntbine.md\/#website","url":"https:\/\/suntbine.md\/","name":"Sunt Bine Podcast","description":"Un podcast despre s\u0103n\u0103tatea mintal\u0103 \u00een Republica Moldova","publisher":{"@id":"https:\/\/suntbine.md\/#organization"},"potentialAction":[{"@type":"SearchAction","target":{"@type":"EntryPoint","urlTemplate":"https:\/\/suntbine.md\/?s={search_term_string}"},"query-input":"required name=search_term_string"}],"inLanguage":"ro-RO"},{"@type":"Organization","@id":"https:\/\/suntbine.md\/#organization","name":"Sunt Bine Podcast","url":"https:\/\/suntbine.md\/","logo":{"@type":"ImageObject","inLanguage":"ro-RO","@id":"https:\/\/suntbine.md\/#\/schema\/logo\/image\/","url":"https:\/\/suntbine.md\/wp-content\/uploads\/2020\/02\/logo2sizeok.png","contentUrl":"https:\/\/suntbine.md\/wp-content\/uploads\/2020\/02\/logo2sizeok.png","width":493,"height":493,"caption":"Sunt Bine Podcast"},"image":{"@id":"https:\/\/suntbine.md\/#\/schema\/logo\/image\/"},"sameAs":["https:\/\/www.facebook.com\/suntbinepodcast","https:\/\/www.instagram.com\/suntbinepodcast\/","https:\/\/www.youtube.com\/channel\/UCq0NMj7pJmlEC76ICdCvI3w"]}]}},"_links":{"self":[{"href":"https:\/\/suntbine.md\/index.php?rest_route=\/wp\/v2\/pages\/705","targetHints":{"allow":["GET"]}}],"collection":[{"href":"https:\/\/suntbine.md\/index.php?rest_route=\/wp\/v2\/pages"}],"about":[{"href":"https:\/\/suntbine.md\/index.php?rest_route=\/wp\/v2\/types\/page"}],"author":[{"embeddable":true,"href":"https:\/\/suntbine.md\/index.php?rest_route=\/wp\/v2\/users\/1"}],"replies":[{"embeddable":true,"href":"https:\/\/suntbine.md\/index.php?rest_route=%2Fwp%2Fv2%2Fcomments&post=705"}],"version-history":[{"count":39,"href":"https:\/\/suntbine.md\/index.php?rest_route=\/wp\/v2\/pages\/705\/revisions"}],"predecessor-version":[{"id":1170,"href":"https:\/\/suntbine.md\/index.php?rest_route=\/wp\/v2\/pages\/705\/revisions\/1170"}],"wp:featuredmedia":[{"embeddable":true,"href":"https:\/\/suntbine.md\/index.php?rest_route=\/wp\/v2\/media\/587"}],"wp:attachment":[{"href":"https:\/\/suntbine.md\/index.php?rest_route=%2Fwp%2Fv2%2Fmedia&parent=705"}],"curies":[{"name":"wp","href":"https:\/\/api.w.org\/{rel}","templated":true}]}}